 z(f) = 8*f**2 - 30*f - 120. Let w be z(v). Calculate the highest common factor of w and 576.
64
Suppose -23*o = 2*o + 11025. Let n be (-1 - (-5)/4) + o/(-28). Calculate the greatest common factor of 2 and n.
2
Let q be (-2 - -2) + 14 - (73 + -76). Calculate the highest common factor of q and 7123.
17
Suppose 0 = l - 4*h + 121 - 367, 3 = -h. Suppose 2*r = j + 3*j - l, -4*j + 231 = r. Calculate the greatest common factor of j and 638.
58
Suppose 37*m = 35*m - 245*m + 48906. What is the highest common factor of m and 1397?
11
Let i(a) = -27*a**2 + 31*a + 6. Let w be i(1). Calculate the greatest common factor of w and 2035.
5
Let n be ((354/11)/(-3))/((-445)/4895). What is the highest common factor of n and 14?
2
Let m(v) = 17*v + 48. Let x be m(11). Let b = x - 181. Let z = 8 + 19. What is the greatest common factor of z and b?
27
Let x(v) be the first derivative of 20*v**3/3 + 3*v**2/2 - 2*v + 2. Let o be x(2). What is the greatest common divisor of 24 and o?
12
Let q(z) = -65*z + 927. Let m be q(0). Calculate the greatest common divisor of 103 and m.
103
Suppose 0 = -5*a - 431 + 81. Let r be a*(3/21 + 4 - 5). What is the greatest common divisor of 30 and r?
30
Let c(r) = 5*r - 10. Suppose 4*v = 2*v - 5*j - 7, -2*v + 8 = 2*j. Let x be c(v). Calculate the greatest common divisor of x and 70.
35
Let c = 8979 + -5597. Calculate the highest common factor of c and 178.
178
Let j(k) = -k**2 - 7*k - 1. Let w be j(-10). Let r = w - -45. Let f be ((-58)/(-4) - -1) + 12/(-8). Calculate the greatest common factor of f and r.
14
Let u = 488 - -41962. Calculate the greatest common divisor of u and 10.
10
Suppose 2*v + 4 = 4*l, -127*l - 4*v - 8 = -130*l. Suppose -s + 30 = b, 5*b - 35*s + 31*s - 150 = l. What is the greatest common factor of 480 and b?
30
Suppose 81*a = 72*a + 594. Suppose 2*r - 545 = -c + 645, -5*r = -3*c - 2964. What is the highest common factor of r and a?
66
Let h(q) = 65*q**2 + 78*q + 6. Let d be h(4). Calculate the greatest common factor of 28 and d.
14
Let b = 641 - 679. Let z be (0 + b)*2*91/(-52). Calculate the greatest common factor of 14 and z.
7
Suppose 224 = 3*t - v, -321*t + 323*t - 5*v - 119 = 0. What is the highest common divisor of t and 12397?
77
Suppose -23*v + 235 = -133. Let g(n) = 19*n**2 + n - 4. Let t be g(4). What is the highest common factor of v and t?
16
Suppose 5*j = 3*b + 364 - 76, -138 = -2*j + 5*b. Calculate the greatest common divisor of j and 402.
6
Let a be 1 + (98/(-6) - 1/(-3)). Let m be (-30)/(-4)*(-1)/(a/54). Let k(q) = -q + 22. Let z be k(-5). Calculate the highest common divisor of m and z.
27
Let g be (362/(-6) - 1)*-3. Suppose 3*t + 2*n = 840, -5*t = -5*n + 3850 - 5200. Calculate the highest common divisor of g and t.
92
Let f = 11 + 51. Let z = 66 - f. Let w be (2688/(-27))/(-7) + z/(-18). What is the greatest common divisor of w and 224?
14
Let u = -417 - -797. Let c = u + -250. Suppose 0 = 3*s - 13*s + c. What is the greatest common factor of s and 143?
13
Suppose 57438 - 219618 = -89*f + 21*f. What is the highest common factor of f and 18?
9
Suppose -13 = k - 31. Suppose 946 = 3*l + 16*i - k*i, -3*l - i + 958 = 0. What is the greatest common divisor of l and 6?
6
Let f(h) = -5*h**3 - h**2 + h. Let l be f(-3). Let o be 3/(l/114 - 1). Let j = -15148 + 15167. Calculate the greatest common divisor of j and o.
19
Let r = -9290 - -9317. Let d(y) = 2*y**2 - 7*y + 4. Let p be d(4). Suppose -2*g + 10 = -p. What is the greatest common factor of r and g?
9
Suppose -2*l + 126 = l - h, 4*h = 0. Suppose 2*s - l = s. Let q be (-24)/42 - ((-238)/49)/(2/6). Calculate the greatest common factor of q and s.
14
Suppose -2*u + 3*c = 5, 5*c - 8*c = 5*u + 2. Let k be 40*(u/15)/((-17)/306). What is the greatest common divisor of k and 6?
6
Suppose 3*j - c = 1044, 718 = 8*j - 6*j + 3*c. What is the greatest common divisor of 14 and j?
14
Let d(t) = -3*t**3 - 29*t**2 - 9*t - 27. Let f be d(-12). Let y(h) = 4*h**2 - 32*h - 25. Let c be y(9). What is the greatest common divisor of c and f?
11
Let x = 18522 - 18432. What is the highest common factor of 873 and x?
9
Let n = 645 + -391. Suppose -n - 241 = -9*r. What is the greatest common factor of r and 5?
5
Suppose 2406 = 2*b + 1422 - 2422. What is the highest common divisor of b and 3013?
131
Suppose r + 4*h - 32 = 0, 3*r + 3*h = 2*h + 140. Calculate the greatest common divisor of r and 128.
16
Let j be 10494/121 - (-6)/22. What is the highest common divisor of j and 3?
3
Suppose 4*m + n + 107 = 0, 2*n - 34 = 4*m + 88. Let j = m - -68. Suppose -g = -5*g, 0 = 3*d - 3*g - 15. Calculate the highest common factor of d and j.
5
Let j = -155 - -159. Suppose -178 = -4*s - p, 144 = j*s + 4*p - 28. Calculate the greatest common factor of 5 and s.
5
Let t = 126 - 118. Let v = 56 + 0. What is the greatest common divisor of v and t?
8
Suppose -10*a = 5 - 475. Let u = -47 + a. Suppose u = 16*w - 17*w + 8. Calculate the highest common divisor of 64 and w.
8
Let r = -199 + 283. Suppose -r = -2*s - 0*s. Suppose -4*o = -10*o + s. Calculate the greatest common factor of o and 21.
7
Suppose -490 - 438 = -32*a. What is the greatest common factor of a and 5017?
29
Let x = 12 + -8. Let o be x + 1 + -2 + 2. Suppose 5*f - 350 = -5*h, 0 = -4*f - 2*h - 3*h + 285. Calculate the highest common divisor of f and o.
5
Let r(p) = 49 - 197*p**2 + 3 + 196*p**2. Let q be r(-6). What is the highest common divisor of 112 and q?
16
Let h(m) = 2*m**3 + 3*m**2 - 13*m - 85. Let l be h(8). Calculate the greatest common divisor of 237 and l.
79
Suppose 76505 - 470815 = -164*p + 956722. What is the highest common divisor of 6 and p?
6
Suppose 13 = -c + 4*o, 7*c - 7 = 2*c - 4*o. Let z be (-20 - -19) + 128 + c. What is the greatest common divisor of z and 36?
18
Let a be (0 + 2/(-6))*(154 - 631). Calculate the highest common divisor of a and 265.
53
Suppose -20748 = 464*b - 483*b. What is the greatest common divisor of 420 and b?
84
Suppose -104*y = -102*y - 838. Let s = -400 + y. Calculate the greatest common factor of 95 and s.
19
Let f(u) = -1375*u + 1164. Let x be f(-3). What is the highest common divisor of 258 and x?
129
Suppose 112*o - 115*o = -2*u + 501, -3*u + 3*o = -747. What is the highest common divisor of u and 1722?
246
Let p = 14495 - 13373. What is the greatest common divisor of 1581 and p?
51
Let n = 53 + 1237. Let r = -826 + n. Calculate the highest common divisor of 58 and r.
58
Suppose -60996 = -1034*u + 1022*u. Calculate the greatest common factor of 46 and u.
23
Let t = -16582 - -25261. Calculate the greatest common divisor of t and 33.
33
Suppose 350134 = 160*f - 43466. Calculate the greatest common factor of f and 54.
6
Let a(f) = -6*f**2 + 52*f + 17. Let o be a(8). What is the highest common factor of o and 511?
7
Suppose 1826*t + 6267 - 39157 = 561*t. Suppose -125 = -4*n - 21. What is the greatest common factor of n and t?
26
Suppose 192*z = 178*z + 78358. What is the greatest common divisor of 29 and z?
29
Suppose -25025 = -5*n - 5*j, 2*j = -3*n - 2175 + 17182. Calculate the highest common factor of 19 and n.
19
Let i = 17 + -13. Suppose 46*m - 50*m = 0. Suppose m = 5*d + i*p + 5 - 26, 0 = 5*d - p - 26. Calculate the greatest common divisor of 25 and d.
5
Let v be 2/(-5) - (-902)/5. Let w be 15/(-3) - ((-34 - -45) + -1 + -69). What is the highest common factor of v and w?
18
Let c be ((-760)/665)/(1/(-77)*2). Suppose -r = 3*r + s - 43, 4*s = 2*r - c. Let n(a) = 2*a + 8. Let d be n(8). What is the highest common divisor of r and d?
12
Let w be (-275)/15*5016/(-95). Calculate the highest common divisor of 264 and w.
88
Suppose 117*z = -135*z + 191*z + 14945. Let h(f) = 18*f - 2. Let t be h(4). What is the greatest common factor of t and z?
35
Let a = -119 + 69. Let d be (-1570)/a - ((-2)/5)/(-1). What is the highest common factor of d and 62?
31
Let n = 3575 - 3533. Calculate the greatest common factor of n and 1701.
21
Suppose -181 = -5*z - 1. Suppose -57*x + 82*x = -100. Let y be 6 + 2 - x*(-1)/(-1). Calculate the greatest common divisor of y and z.
12
Let j = -36 - -57. Let a = 64 + -31. Suppose -2*k = 4*h - 58, -2*h + 4*k - 9*k + a = 0. What is the greatest common factor of h and j?
7
Suppose -4*s + 1112 = -76. Let h(y) = 3*y + 39. Let l be ((-16)/(-14))/((-14)/49). Let g be h(l). What